e prime factors of g.
811
Let p(k) = 199*k. Let f be p(-1). Suppose -28*b + 457 = 9809. Let y = f - b. List the prime factors of y.
3, 5
Suppose 0 = 12*d - 122*d + 623370. What are the prime factors of d?
3, 1889
Let l(i) = 31 + 8 + 0 - 7*i + i. What are the prime factors of l(4)?
3, 5
Suppose 11*m = -k + 12*m + 280, m + 5 = 0. Let g = k + -153. List the prime factors of g.
2, 61
Let v(w) = -5*w**2 - 10*w - 16. Let n(f) = f**2 - 14*f + 16. Let h be n(12). Let i be v(h). Let q = -182 - i. What are the prime factors of q?
2, 37
Suppose -2*y - 21 = -11, -3*i = -5*y - 79. What are the prime factors of (-288)/648 - (-23372)/i?
2, 11, 59
Suppose 5*k + 3*t = 191260, 2*k - 5*t = 82611 - 6107. List the prime factors of k.
2, 73, 131
Let s(o) = 115*o**3 - o + 1. Let q be s(1). Suppose 4*x + q = 5*y + 38, 3*x + 2*y + 52 = 0. What are the prime factors of -5*30/(-4) - x/(-36)?
37
Let a = 656 + -236. Suppose 5*j - a = 3*v, 0 = -v + 2*v + 5. What are the prime factors of j?
3
Let a = 16286 - 7203. What are the prime factors of a?
31, 293
Let i be (-42)/(-6) - 1*-223. Suppose -o - 1271 = -2*k, k - 852 = -4*o - i. List the prime factors of k.
2, 317
Let x(l) = l**3 - l**2 + 7879. What are the prime factors of x(0)?
7879
Suppose 561 = f - 0*x + 2*x, -x + 2841 = 5*f. Let n = f - -56. List the prime factors of n.
5
Let k = 141 + -140. What are the prime factors of (1186/(-6) - k)*15/(-10)?
2, 149
Let a be (-2)/(-6) - 126112/(-24). What are the prime factors of (a/(-30) - 7)*-6?
1093
Suppose 0 = 2*u + 4*p - 22, 4*u - 32 = -2*p - 3*p. Suppose 5*x + 2970 = 4*i, 0 = -3*i + i - u*x + 1474. What are the prime factors of i?
2, 5, 37
Let v(u) = 7*u**3 + 2*u**2 - 5*u - 10. Let b be v(-2). Let x = b - -211. List the prime factors of x.
163
Let y be 32/(-6) - 44/(-33). What are the prime factors of y - 13/(-3) - (-1312)/6?
3, 73
Let q(a) be the third derivative of -33*a**4/8 - 15*a**3/2 - 18*a**2 - a. List the prime factors of q(-3).
2, 3, 7
Suppose 6*i = -3 - 45. Let o be 2 - (-42)/i - (-2)/8. List the prime factors of ((-3)/1)/(0 + o/105).
3, 5, 7
Suppose -145*c + 113*c + 269344 = 0. List the prime factors of c.
19, 443
Suppose 12 + 23 = 7*a. Suppose -a*g + 122 = -178. List the prime factors of g.
2, 3, 5
Suppose -19 + 19 = -2*l. Suppose l = -6*i + 2655 - 285. List the prime factors of i.
5, 79
Let o = 23 + -3. Let d = o + -15. What are the prime factors of 3848/65 - 1/d?
59
Suppose b - 10 + 5 = 0. Suppose -33 = b*v + 7. What are the prime factors of (10/v)/((-4)/80)?
5
Let r(t) = 2*t**2 - 28*t - 5. Suppose 0 = -8*s - 4*s + 300. What are the prime factors of r(s)?
5, 109
Let r be 0 + -4 + 5 + -148. Let f = 105 + r. What are the prime factors of (f/(-2))/(24/208)?
2, 7, 13
Let g = 132186 - 69877. What are the prime factors of g?
13, 4793
Let y = -514 - -772. Let z = 431 - y. List the prime factors of z.
173
Suppose -4*c + 15*p - 13*p + 19324 = 0, -5*c = -2*p - 24156. List the prime factors of c.
2, 151
Suppose 10*a = -3*q + 102872, 2*q + a - 24858 = 43712. List the prime factors of q.
2, 3, 2857
Let a = -23 - -23. Let y be (a/(-5))/(0 - -2). What are the prime factors of 152 + (y - (0 + -2))?
2, 7, 11
Let s(h) = 623*h**2 - 61*h + 99. What are the prime factors of s(2)?
3, 823
Let p be (((-105)/(-12))/5)/((-4)/(-16)). List the prime factors of (1728/42)/(p/98).
2, 3
Suppose -26*j - 451197 = -43*j. What are the prime factors of j?
3, 983
Let h be 382/5 + -3*(-8)/(-60). Suppose -77*d = -h*d - 260. What are the prime factors of d?
2, 5, 13
Suppose 7*v - 26322 = 3*v - 3*o, 6 = -3*o. What are the prime factors of v?
2, 3, 1097
Suppose -3*f = 2*u - 0*f - 12, 5*u = 4*f + 30. Suppose -25 = -11*b + u*b. Suppose 5*g = 4*s - 2*s - 295, -b*s + 748 = -2*g. What are the prime factors of s?
2, 3, 5
Suppose -235*j + 232*j = -3099. Let i = j + -295. What are the prime factors of i?
2, 3, 41
Let t = 130 + -132. List the prime factors of t/13 + -17*21/(-39).
3
Let p(q) = -5*q**2 - 21*q - 13. Let g be p(-11). Let o = g - -650. What are the prime factors of o?
263
Let p be (696/48)/(1/(-26)). Let j = p - -768. Let s = -150 + j. List the prime factors of s.
241
Let d(m) = -48 + 63 - 110*m - 154 - 53. What are the prime factors of d(-8)?
2, 43
What are the prime factors of (-376)/(-10) - 30/(-350)*-7?
37
Suppose 473345 + 219375 = 40*m. What are the prime factors of m?
2, 7, 1237
Suppose 7*c - 45279 = -2*c. What are the prime factors of c?
3, 13, 43
Let p = 2000 + 290. List the prime factors of p.
2, 5, 229
Let h = 301 + -316. Let k(x) = 5*x**2 + 20*x + 33. Let g(o) = -o**2 + o + 1. Let q(m) = -4*g(m) - k(m). What are the prime factors of q(h)?
2, 7
Let l(h) = -2*h**2 + 8*h + 13. Let w be l(5). What are the prime factors of 3225/10 + w/6?
17, 19
Let m(w) = -w**2 + 13*w + 135. Let k be m(-6). Suppose 18*d - 5*g = k*d - 3132, 0 = -3*d + 4*g + 3159. What are the prime factors of d?
1049
Suppose 41*n = 42*n - 2. Suppose i - 455 = d, 989 = n*i + 4*d + 103. What are the prime factors of i?
11, 41
Let r = -3553 + 8639. List the prime factors of r.
2, 2543
Suppose -2*m - 3*k = -1314, -5*m + 387 + 2898 = 5*k. Suppose -1826 = 4*r - 3*b, 22*b + 922 = -2*r + 25*b. Let o = r + m. List the prime factors of o.
5, 41
Let q be -4*(-1059)/(-24)*(-3 + -7). Suppose -m = 4*y - q, -y + 5530 - 1979 = 2*m. What are the prime factors of m?
1777
What are the prime factors of (-629)/(((-804)/(-90) - 0) + -9)?
3, 5, 17, 37
Suppose -5*w - 2318 = 2*c - 383, -4*c + 1548 = -4*w. Let k = -298 - w. List the prime factors of k.
89
Suppose -5*f + 5*r = -30, -33 = -28*f + 24*f + r. Suppose -f*g + 5311 = -908. List the prime factors of g.
691
Let c be (1*2)/((-1)/(-3)). Let m(d) = 2*d**2 + 317*d - 965. Let n be m(3). What are the prime factors of (-34)/(-8)*6*n/c?
17
Suppose 0 = 53*l - 118*l + 747695. List the prime factors of l.
11503
Let g(l) = 223*l**2 - 54*l + 355. List the prime factors of g(7).
2, 29, 47
Suppose 204*r - 308*r = -376480. What are the prime factors of r?
2, 5, 181
What are the prime factors of (-108)/18 + -1*(-6558)/(2 - -1)?
2, 5, 109
Suppose -125*c + 3157329 = 37*c + 89*c. What are the prime factors of c?
3, 7, 599
Let z = 182 - 102. Suppose 11*m - 31*m = z. List the prime factors of 17/m + 4 + 1834/8.
229
Let w(m) = 31*m**2 + m - 282. List the prime factors of w(16).
2, 5, 13, 59
Let t = 31564 + -19888. List the prime factors of t.
2, 3, 7, 139
Let g = -9 - -12. Suppose -12 = -g*d + y, -2*y - 5 - 1 = 0. Suppose 2*x + 134 = 4*a, 5*a + d*x - 159 = a. List the prime factors of a.
2, 3
Let h(w) = -111*w - 7. Let b be h(-2). Let q = 303 - b. Let y = q - -107. List the prime factors of y.
3, 5, 13
Suppose 5980 = 38*f - 15756. Suppose n - 3*k = 1615 - f, -5*k - 25 = 0. What are the prime factors of n?
2, 257
Suppose -5*w + 10*z = -44404 - 34261, -78620 = -5*w + z. What are the prime factors of w?
3, 1747
Suppose -5*d - 58*g = -62*g - 16105, d + g = 3230. What are the prime factors of d?
3, 5, 43
Let z be (39/(-195))/(3/(-30)). List the prime factors of 1028 - z/(-7)*(-9 + 16).
2, 5, 103
Let q(y) = 2*y**2 - 28*y - 26. Let n be q(-9). Let b = n + -34. List the prime factors of b.
2, 3, 59
Let i be 320/20 + 3 + (-1 - 0). Suppose 0 = c - 10*c + i. Let w = 22 - c. List the prime factors of w.
2, 5
Suppose 0*t = 5*t. Suppose t = -5*y + 2*k + k, y - 4*k = 0. Suppose -5*v + 5*n - 179 = -884, y = -2*n. What are the prime factors of v?
3, 47
Suppose -4*v - 25*v = -199*v + 17000. What are the prime factors of v?
2, 5
Let y(h) = -15*h**3 - 90*h**2 - 265*h - 4. What are the prime factors of y(-3)?
2, 193
Suppose 3*k - 351*d = -350*d + 44032, 5*k + 4*d = 73432. What are the prime factors of k?
2, 5, 367
Suppose 192 = 3*q + 165. Suppose -4*r - 3028 = -3*l, -11*l + 5*r + 2014 = -q*l. List the prime factors of l.
2, 11, 23
Suppose 0 = -22*b + 3*b. Suppose b = -3*h + 10*h - 6265. List the prime factors of h.
5, 179
Let k be 0/3 + -1*1*-5. Suppose -k*z - 58 = -2*b, -2*z - z - b - 37 = 0. Let t = z + 22. What are the prime factors of t?
2, 5
What are the prime factors of 336/420 + (-19)/30 + 522694/12?
2, 29, 751
Let a be (16/12)/(-4)*162/(-6). Suppose 7*p - a*p = -4*r - 984, -4*r - 12 = 0. List the prime factors of p.
2, 3
Let p(w) = -16721*w + 229. What are the prime factors of p(-2)?
11, 3061
Suppose -7 = 2*s + 7. Let p(b) = 2*b